of 14661.
3, 181
List the prime factors of 58783.
29, 2027
What are the prime factors of 659?
659
List the prime factors of 1626.
2, 3, 271
List the prime factors of 15.
3, 5
What are the prime factors of 32990?
2, 5, 3299
List the prime factors of 773.
773
List the prime factors of 44474.
2, 37, 601
What are the prime factors of 5661?
3, 17, 37
List the prime factors of 61.
61
What are the prime factors of 223?
223
What are the prime factors of 3588?
2, 3, 13, 23
What are the prime factors of 10451?
7, 1493
List the prime factors of 723.
3, 241
List the prime factors of 699.
3, 233
What are the prime factors of 217?
7, 31
List the prime factors of 23330.
2, 5, 2333
List the prime factors of 4225.
5, 13
What are the prime factors of 136381?
7, 19483
List the prime factors of 30504.
2, 3, 31, 41
What are the prime factors of 55258?
2, 7, 3947
List the prime factors of 24826.
2, 12413
List the prime factors of 107425.
5, 4297
List the prime factors of 15872.
2, 31
What are the prime factors of 112846?
2, 17, 3319
List the prime factors of 1619.
1619
List the prime factors of 29530.
2, 5, 2953
List the prime factors of 13128.
2, 3, 547
What are the prime factors of 89444?
2, 59, 379
List the prime factors of 49674.
2, 3, 17, 487
List the prime factors of 11376.
2, 3, 79
List the prime factors of 65774.
2, 32887
What are the prime factors of 9549?
3, 1061
What are the prime factors of 298?
2, 149
What are the prime factors of 1068?
2, 3, 89
List the prime factors of 1274.
2, 7, 13
What are the prime factors of 271?
271
List the prime factors of 2465.
5, 17, 29
List the prime factors of 16330.
2, 5, 23, 71
What are the prime factors of 213?
3, 71
List the prime factors of 57.
3, 19
What are the prime factors of 55771?
43, 1297
List the prime factors of 1093.
1093
What are the prime factors of 1074?
2, 3, 179
List the prime factors of 45155.
5, 11, 821
List the prime factors of 4229.
4229
What are the prime factors of 1264?
2, 79
List the prime factors of 2994.
2, 3, 499
What are the prime factors of 2244?
2, 3, 11, 17
What are the prime factors of 2631?
3, 877
What are the prime factors of 3000?
2, 3, 5
List the prime factors of 7923.
3, 19, 139
List the prime factors of 1033.
1033
What are the prime factors of 2095?
5, 419
List the prime factors of 1376.
2, 43
List the prime factors of 78849.
3, 8761
List the prime factors of 12609.
3, 467
What are the prime factors of 2770?
2, 5, 277
List the prime factors of 16871.
16871
List the prime factors of 3471.
3, 13, 89
List the prime factors of 702.
2, 3, 13
List the prime factors of 185410.
2, 5, 18541
List the prime factors of 8833.
11, 73
What are the prime factors of 1541?
23, 67
List the prime factors of 48829.
11, 23, 193
List the prime factors of 1538.
2, 769
List the prime factors of 10990.
2, 5, 7, 157
What are the prime factors of 7129?
7129
List the prime factors of 4513.
4513
What are the prime factors of 9503?
13, 17, 43
What are the prime factors of 126438?
2, 3, 13, 1621
What are the prime factors of 3876?
2, 3, 17, 19
What are the prime factors of 14218?
2, 7109
List the prime factors of 273.
3, 7, 13
List the prime factors of 4949.
7, 101
List the prime factors of 354.
2, 3, 59
What are the prime factors of 14915?
5, 19, 157
What are the prime factors of 34352?
2, 19, 113
List the prime factors of 1877.
1877
List the prime factors of 4492.
2, 1123
What are the prime factors of 11329?
11329
What are the prime factors of 2152?
2, 269
What are the prime factors of 3444?
2, 3, 7, 41
What are the prime factors of 46?
2, 23
List the prime factors of 274.
2, 137
List the prime factors of 2757.
3, 919
List the prime factors of 786.
2, 3, 131
What are the prime factors of 1906?
2, 953
List the prime factors of 2967.
3, 23, 43
What are the prime factors of 1492?
2, 373
What are the prime factors of 23635?
5, 29, 163
What are the prime factors of 712?
2, 89
What are the prime factors of 439?
439
List the prime factors of 840.
2, 3, 5, 7
What are the prime factors of 86?
2, 43
What are the prime factors of 387?
3, 43
What are the prime factors of 507?
3, 13
What are the prime factors of 3111?
3, 17, 61
List the prime factors of 40432.
2, 7, 19
What are the prime factors of 1720?
2, 5, 43
List the prime factors of 5835.
3, 5, 389
List the prime factors of 70420.
2, 5, 7, 503
List the prime factors of 55098.
2, 3, 3061
What are the prime factors of 13785?
3, 5, 919
What are the prime factors of 8534?
2, 17, 251
What are the prime factors of 360?
2, 3, 5
What are the prime factors of 2956?
2, 739
What are the prime factors of 3120?
2, 3, 5, 13
What are the prime factors of 2027?
2027
List the prime factors of 19534.
2, 9767
List the prime factors of 1137.
3, 379
List the prime factors of 5376.
2, 3, 7
What are the prime factors of 1923?
3, 641
List the prime factors of 11092.
2, 47, 59
What are the prime factors of 4554?
2, 3, 11, 23
What are the prime factors of 3817?
11, 347
List the prime factors of 567.
3, 7
List the prime factors of 8745.
3, 5, 11, 53
List the prime factors of 26476.
2, 6619
What are the prime factors of 17244?
2, 3, 479
List the prime factors of 4554.
2, 3, 11, 23
What are the prime factors of 898?
2, 449
What are the prime factors of 7610?
2, 5, 761
List the prime factors of 3804.
2, 3, 317
List the prime factors of 41163.
3, 13721
What are the prime factors of 88574?
2, 67, 661
List the prime factors of 20423.
13, 1571
What are the prime factors of 70094?
2, 101, 347
List the prime factors of 1090.
2, 5, 109
List the prime factors of 30503.
11, 47, 59
What are the prime factors of 63467?
63467
List the prime factors of 89773.
107, 839
What are the prime factors of 2259?
3, 251
What are the prime factors of 1262?
2, 631
List the prime factors of 2843.
2843
What are the prime factors of 3423?
3, 7, 163
List the prime factors of 7154.
2, 7, 73
What are the prime factors of 8344?
2, 7, 149
List the prime factors of 2276.
2, 569
List the prime factors of 744.
2, 3, 31
What are the prime factors of 1057?
7, 151
List the prime factors of 466.
2, 233
List the prime factors of 979.
11, 89
List the prime factors of 5631.
3, 1877
What are the prime factors of 14460?
2, 3, 5, 241
What are the prime factors of 67?
67
List the prime factors of 24942.
2, 3, 4157
List the prime factors of 70580.
2, 5, 3529
What are the prime factors of 32?
2
What are the prime factors of 177897?
3, 19, 3121
What are the prime factors of 4316?
2, 13, 83
List the prime factors of 41562.
2, 3, 2309
List the prime factors of 20055.
3, 5, 7, 191
What are the prime factors of 8719?
8719
List the prime factors of 9100.
2, 5, 7, 13
What are the prime factors of 320?
2, 5
What are the prime factors of 2437?
2437
List the prime factors of 106009.
227, 467
What are the prime factors of 16504?
2, 2063
List the prime factors of 1405.
5, 281
List the prime factors of 2429.
7, 347
List the prime factors of 30924.
2, 3, 859
List the prime factors of 118481.
11, 10771
What are the prime factors of 54430?
2, 5, 5443
List the prime factors of 7049.
7, 19, 53
List the prime factors of 1799.
7, 257
List the prime factors of 45251.
37, 1223
What are the prime factors of 13997?
13997
List the prime factors of 4319.
7, 617
What are the prime factors of 950?
2, 5, 19
List the prime factors of 2482.
2, 17, 73
List the prime factors of 7800.
2, 3, 5, 13
What are the prime factors of 591?
3, 197
What are the prime factors of 43989?
3, 11, 31, 43
List the prime factors of 1956.
2, 3, 163
What are the prime factors of 13299?
3, 11, 13, 31
List the prime factors of 129577.
7, 107, 173
List the prime factors of 2037.
3, 7, 97
What are the prime factors of 4752?
2, 3, 11
What are the prime factors of 21373?
11, 29, 67
List the prime factors of 1074.
2, 3, 179
What are the prime factors of 2837?
2837
List the prime factors of 21509.
137, 157
What are the prime factors of 16562?
2, 7, 13
List the prime factors of 170579.
170579
List the prime factors of 27911.
13, 19, 113
List the prime factors of 32407.
23, 1409
List the prime factors of 41642.
2, 47, 443
What are the prime factors of 108311?
7, 15473
List the prime factors of 107833.
11, 9803
List the prime factors of 14150.
2, 5, 283
What are the prime factors of 1783?
1783
List the p